(i) = i**2 - 6*i + 2. What is the units digit of a(t)?
2
Suppose -4*v = 2*x - 122, v + 0*v - 4*x = 8. Let d = v + 8. What is the tens digit of d?
3
Let y = 63 - -70. What is the units digit of y?
3
Let d(j) = -j**3 - 5*j**2 - j**3 + 2*j**2 - 2*j + j**3 - 6. What is the tens digit of d(-4)?
1
Suppose -40 = -t + 371. What is the hundreds digit of t?
4
Let n(y) = -8*y. Let b be n(16). What is the units digit of b/(-6) + 8/12?
2
Let f(l) = l**3 - l + 8. Let m be f(0). Suppose b = m - 1. What is the units digit of b?
7
Suppose 7*o - 364 = 329. What is the tens digit of o?
9
What is the tens digit of (22*1)/(-3 - (-210)/66)?
2
Suppose 3*u - 30 = u. What is the units digit of u?
5
What is the tens digit of 9/(-3)*((-230)/15 - -2)?
4
Let s(q) = 2*q**3 + 5*q**2 - 3*q + 6. Let k(f) = -f**3 - f + 1. Let t(l) = -k(l) - s(l). Let r(b) = -5*b - 1. Let c be r(1). What is the units digit of t(c)?
5
Let v = -8 - -5. Suppose -3*i + 69 = -3*z, -3*z = 12 - 0. What is the tens digit of i/(-2)*(v + 1)?
1
Suppose 0*w - 4*w + 18 = -2*r, -3*w - 9 = 3*r. Let b = w + -1. What is the units digit of b?
1
Suppose -4*k = 3*h - 134 - 153, -10 = -5*k. What is the units digit of h?
3
Suppose 133 = 5*i - 247. What is the tens digit of i?
7
Suppose 0*p + 4*p = 68. Let w(d) = 2*d - 3. Let l be w(4). Suppose 3*u - p = 4*u - l*q, -4*u + 4*q = 4. What is the units digit of u?
3
Let f(y) = 5*y**2 + 2*y - 2. Suppose -3*c + 9 = 0, 0 = 3*o + 4*c - 2*c - 18. Let j(z) = -z + 2. Let i be j(o). What is the tens digit of f(i)?
1
Suppose 2*m = -5*y + 1232, 5*y + 3*m - 1256 = 7*m. What is the hundreds digit of y?
2
Let i(d) = -d**3 - d**2. Let s be i(-1). Let r(z) = z**2 + z + 38. What is the units digit of r(s)?
8
Let i = 124 + -15. What is the hundreds digit of i?
1
Let f(t) = 4*t - 4. Let r be f(6). Suppose 5*m + r = 6*m. What is the tens digit of m?
2
Suppose -4*l - 6 = -2*j, 0*l + 4*l + 9 = 3*j. Suppose 2*a + 2*a - j*s = 19, -5*a = s - 19. What is the units digit of 3/(-6) - (-22)/a?
5
Let j be ((6/1)/(-3))/1. Let i = j - -7. What is the units digit of i?
5
Let x(j) = -5*j - 1. Let f be x(1). Let b be (-2)/f - 624/(-18). Suppose -b = -9*v + 4*v. What is the units digit of v?
7
Let n(p) = p - 5. Let w be n(3). What is the units digit of (-1)/w*0 + 6?
6
What is the units digit of (-6)/(-9) + (-376)/(-12)?
2
Suppose -4*k + 7*k - 4*m - 150 = 0, -250 = -5*k + m. Suppose -n = 2*g - 0*n - 26, 0 = -5*g + 5*n + k. What is the tens digit of g?
1
Suppose 2*i = i. Let p(x) be the second derivative of x**5/20 + x**4/12 + 2*x**2 + x. What is the units digit of p(i)?
4
Suppose 2 = 2*j + 2*r, -3*j + r + 24 = -3*r. What is the units digit of (-8)/j - 18/(-2)?
7
Suppose -5*q = -24 - 1. Suppose -o = -p + 2 - 5, q*p + 10 = 4*o. Suppose 0*b + 5*j = -p*b + 9, j - 5 = -2*b. What is the units digit of b?
2
Suppose -t + 12 = -0*t. Suppose -5*a - 18 = g, 6*g - g - a + t = 0. Let x = g + 5. What is the units digit of x?
2
Suppose -602 = 5*d + 2*d. What is the units digit of (-2)/4*d/1?
3
Let o(c) = -62*c - 3. What is the tens digit of o(-1)?
5
Suppose 0 = -4*p - 2*w + 3 - 1, 3*w = 9. Let j be 9 + (-2 - -1)*p. What is the units digit of (-6)/(-15) - (-26)/j?
3
Suppose -12 = t - 5*t. Suppose 31 = 3*k - 5*p, 0*p + 4*p + 14 = -3*k. Suppose 5*n + a - 2 - 13 = 0, -n - k*a = -t. What is the units digit of n?
3
Suppose -4*a = 3*q - 7, -2*a - 4*q + 9 = 3*a. Let m be ((-37)/(-3))/(a/6). What is the units digit of m/10 + 4/(-10)?
7
Suppose 5 = -5*z + 10. Suppose 0*b - b - g = z, -3*b - 2*g + 1 = 0. What is the units digit of b?
3
Suppose q - 61 = -5*f, 2*q = -2*f - 2*q + 10. What is the tens digit of f?
1
Let x = 13 + 13. What is the tens digit of x?
2
Suppose -2*s = -7*s - 25. Let i = 2 - s. What is the units digit of i?
7
Let q = 2 + 1. Suppose -q*i = -15, 2 = -n + i + 6. What is the units digit of n?
9
Let s(k) = 2*k**2 + 3*k + 3. Let v be 3*((-16)/6 + 2). Let h be s(v). Suppose 3 = q - h*o - 23, -5*o = q + 14. What is the units digit of q?
6
Let g(j) = -16*j - 89. What is the units digit of g(-11)?
7
Let b = -33 - -148. Suppose 6*p + b = p. What is the units digit of 6/(-9) + p/(-3)?
7
Suppose 5*i - 3*b = -2*b + 25, 0 = 3*i - 3*b - 3. Suppose i = 4*o - 3*o. What is the units digit of o?
6
Let h be -1 + 2 + 24 + 1. Suppose -3*o + 5*o - h = 0. What is the units digit of o?
3
Suppose 4*j - 1 = -13. Let k be -1*(j + 15 + 0). Let s = 23 + k. What is the units digit of s?
1
Suppose 0 = 4*c - 3*c - 1, -4*f = 2*c - 50. Suppose -t = -1 - 2. Suppose t*z - f = z. What is the units digit of z?
6
Let l = 269 - 76. What is the tens digit of l?
9
Let h be ((-1)/3)/((-1)/(-183)). Let u = h - -29. Let g = -16 - u. What is the tens digit of g?
1
Let t(n) be the first derivative of n**2 - 4*n - 1. Let z be t(6). Let p = 7 + z. What is the tens digit of p?
1
Let a be (-2)/9 - (-114)/27. Suppose a*n - 4*d - 28 = 0, -3*d + 5*d = 4*n - 20. What is the units digit of (-15)/4*(-8)/n?
0
Suppose -5*a + 49 + 18 = 2*m, -m = 4*a - 41. What is the units digit of m?
1
Let s(q) = q + 10. Let m be s(0). Suppose -4*f + 3*f = -m. What is the tens digit of f?
1
Let n(u) = -6*u + 21 - 21. Let y be n(-1). Suppose -18 + y = -a. What is the units digit of a?
2
Let f(n) be the first derivative of n**5/60 - n**4/4 + 2*n**3/3 + n**2/2 - 2. Let d(v) be the second derivative of f(v). What is the units digit of d(6)?
4
Let u = 11 + 1. Let l be (-153)/(-12) - (-3)/u. Let k = l + -8. What is the units digit of k?
5
Let f be -1*2*(-54)/(-4). Let x = -16 - f. What is the tens digit of x?
1
Suppose -10*p + 9*p + 121 = 0. What is the tens digit of p?
2
Let b = 16 - 2. Suppose b = s + 4*i, s - 14 = i + 2*i. What is the units digit of s/(-3)*3/(-2)?
7
Let z = 95 + -79. What is the units digit of z?
6
Let z = -35 + 75. Suppose -5*u + z + 5 = 0. What is the units digit of u?
9
Let i = 38 + -14. What is the tens digit of i?
2
Let j be (-8)/(-16)*4*1. Let m = 16 - j. What is the tens digit of m?
1
Let c = 5 - 4. What is the units digit of (-5*c)/((-1)/1)?
5
Suppose 4*r = 270 - 98. What is the tens digit of r?
4
Let m(n) = n**2 + 1. Let b be m(-1). What is the units digit of 27/9 + b/2?
4
Let d = 116 + -72. What is the tens digit of d?
4
Let t(o) = -o**2 + o + 7. Let i be (2 + -2)*(-4)/12. Let h be t(i). What is the units digit of h + (-2)/1 + 2?
7
Suppose 3 = -2*y + 1. Let z be 2 - y*(-1 - -2). Suppose -o + 20 = q + 2*q, -z*o + 4 = 2*q. What is the units digit of q?
8
Let d(w) be the third derivative of -w**4/24 + 7*w**3/6 - 2*w**2. What is the tens digit of d(-5)?
1
Let v(m) = m**2 - 4*m + 1. Let q be (-4)/(-10) + 28/5. Let b be v(q). Let x = b - 4. What is the units digit of x?
9
Suppose -3*l - 2*m = 10 + 6, -44 = 5*l - m. Let g = 16 + l. What is the units digit of g + 0/(-1 + -2)?
8
Let q = -42 - -109. What is the units digit of q?
7
Suppose 3*o = -9, 0 = 5*r + 5*o - 3*o - 904. What is the tens digit of r?
8
Suppose 15*v - 390 = 10*v. What is the tens digit of v?
7
Let l be (-30)/(-15) - -2*1. Suppose 0 = l*j + d - 21 - 62, 0 = -4*j + 3*d + 71. What is the units digit of j?
0
Suppose 3*o - 2*d - d + 12 = 0, 5*o + 2 = -4*d. What is the units digit of o/(-3) - (-7)/3?
3
Let l(t) = -t**3 - 6*t**2 + 5*t - 10. Let y be l(-7). Let x = 8 - y. What is the units digit of x?
4
Let n(t) = t**3 + 5*t**2 + 3*t - 3. What is the units digit of n(-3)?
6
Suppose -c - 109 = -23. Let w be (-4)/(-14) - c/(-7). Let u = w + 24. What is the units digit of u?
2
Let l(n) = -14*n**3 - 4*n**2 + 2*n - 26. Let v(f) = 5*f**3 + f**2 - f + 9. Let m(z) = 4*l(z) + 11*v(z). What is the tens digit of m(-5)?
1
Let d be 3/2 - (-2)/(-4). Let q(w) = -4*w**2 + 5*w - 4. Let o(i) = -i**2. Let m(g) = d*q(g) - 5*o(g). What is the units digit of m(-6)?
2
Suppose -5*f - 568 = -f. Let r = -95 - f. Suppose r + 8 = 5*v. What is the units digit of v?
1
Let i = 48 - 5. What is the tens digit of i?
4
Suppose -5*f = h - 37 - 70, 53 = 3*f - 5*h. What is the units digit of f?
1
Suppose 3*m + 5*k - 204 = 0, 2*m - 4*k + 3*k = 123. What is the tens digit of m?
6
What is the units digit of -3 - (4 + (-15 - 2))?
0
Suppose 129 = 3*c + j + 3*j, -186 = -5*c + 3*j. What is the units digit of c?
9
What is the hundreds digit of 2/(-4)*(-11)/(55/1290)?
1
Let w(y) = -y**3 - 2*y**2 + 4*y. Let l be w(-5). Suppose -4*n + 4*f + 152 = 0, 16 = 2